e o(-1).
-17
Let b(p) = 8*p - 25. Give b(8).
39
Let v(s) = -s**2 + 3*s - 2. What is v(4)?
-6
Let g(d) = d**3 + 2*d + 3. What is g(-2)?
-9
Let u(f) = -11*f + 51. Determine u(5).
-4
Let s(d) = -d**2 - 4*d - 1. Give s(-3).
2
Let n(x) = -x**3 + 5*x**2 + 13*x - 50. Calculate n(6).
-8
Let j(b) = -b**3 + 18*b**2 + 41*b - 12. What is j(20)?
8
Let f(m) = -m**2 + 5*m - 4. Give f(1).
0
Let l(z) = 3*z + 228. What is l(-74)?
6
Let s(t) = t**2 + 23*t - 7. Calculate s(-22).
-29
Let w(b) = b**2 - 7*b + 5. Determine w(2).
-5
Let o(p) = 5*p**2 - 16*p + 3. Determine o(2).
-9
Let p(r) = -r - 14. What is p(0)?
-14
Let x(j) = 57*j + 404. Give x(-7).
5
Let y(v) = 2*v**3 + 2*v**2 + 2*v + 1. Calculate y(-1).
-1
Let l(d) = d**3 + 8*d**2 + 6*d + 10. Determine l(-7).
17
Let r(u) = u**3 + 16*u**2 - u - 22. Give r(-16).
-6
Let j(m) = -4*m**2 - 13*m + 3. Give j(-1).
12
Let b(h) = -38*h. Give b(2).
-76
Let u(p) = 53*p + 9. What is u(1)?
62
Let y(r) = -r**2 + 14*r. What is y(6)?
48
Let o(c) = 4*c + 11. Determine o(6).
35
Let h(d) = d**3 - 10*d**2 + 9*d - 10. Determine h(9).
-10
Let f(k) = 11*k + 291. Determine f(-27).
-6
Let z(x) = -x**2 + 1. Give z(2).
-3
Let f(v) = -56*v**3 - 2*v**2 - 2*v - 1. Calculate f(-1).
55
Let l(b) = -6*b + 37. What is l(5)?
7
Let q(h) = -h**3 + 9*h**2 - 2*h - 13. Calculate q(9).
-31
Let h(v) = -v + 4. What is h(9)?
-5
Let g(i) = i**2 - 13*i + 2. What is g(13)?
2
Let n(p) = p - 34. Determine n(8).
-26
Let s(h) = h**3 + 39. Give s(0).
39
Let r(c) = -c**3 + 15*c**2 + 18*c - 14. Give r(16).
18
Let u(s) = -s**2 + 2*s + 8. What is u(11)?
-91
Let c(p) = -6*p**2 - 23*p + 134. Calculate c(-7).
1
Let z(s) = 2*s**3 + 13*s**2 - 15*s + 19. Calculate z(-8).
-53
Let m(y) = -y**3 - 9*y**2 - 14*y + 20. Give m(-6).
-4
Let n(v) = -v**2 - 8*v - 1. Give n(-8).
-1
Let x(y) = -5*y - 1. Determine x(3).
-16
Let i(b) = b**2 - b - 6. Determine i(0).
-6
Let v(r) = 5*r - 4. Determine v(5).
21
Let k(j) = j**3 + 8*j**2 - 2*j. Determine k(-7).
63
Let q(p) = -p**2 + 10*p + 8. What is q(8)?
24
Let s(j) = j**3 - 57*j**2 - j + 37. Determine s(57).
-20
Let s(u) = 7*u + 30. Calculate s(-8).
-26
Let m(u) = -7*u - 9. Determine m(0).
-9
Let p(s) = -s**3 - 8*s**2 - 4*s + 6. Calculate p(-5).
-49
Let a(g) = 3*g + 22. What is a(-7)?
1
Let c(n) = -n**2 - 31*n - 38. What is c(-29)?
20
Let b(f) = -7*f**3 + f**2 - 5*f + 5. Give b(2).
-57
Let i(v) = 4*v**2 + 56*v - 5. Determine i(-14).
-5
Let v(m) = m**2 - 10*m + 11. Determine v(8).
-5
Let w(g) = -g**3 + 13*g**2 + 34*g - 70. Calculate w(15).
-10
Let c(b) = b - 5. What is c(2)?
-3
Let k(g) = 8*g**2 + 30*g - 14. Give k(-4).
-6
Let t(z) = -2*z**3 - 16*z**2 + 22*z + 17. Give t(-9).
-19
Let b(v) = 2*v - 2. Determine b(9).
16
Let h(a) = a - 18. Give h(10).
-8
Let r(l) = -14*l + 11. What is r(5)?
-59
Let v(r) = -r**2 + 17*r - 91. Calculate v(10).
-21
Let j(w) = -3*w**2 + 5. What is j(0)?
5
Let v(k) = -23*k + 181. Determine v(7).
20
Let i(g) = g**3 - 10*g**2 - g + 2. What is i(10)?
-8
Let d(j) = j**3 + 8*j**2 - 9*j - 3. What is d(-9)?
-3
Let z(t) = -t - 21. Give z(8).
-29
Let z(n) = -2*n**2 - 14*n - 14. Determine z(-6).
-2
Let a(d) = -21*d + 59. Give a(4).
-25
Let z(a) = a - 14. Determine z(8).
-6
Let r(b) = b**2 + 5*b - 35. Give r(-5).
-35
Let h(n) = -4*n + 16. Calculate h(7).
-12
Let u(s) = 8*s**2 + 38*s - 40. What is u(1)?
6
Let z(s) = s**3 + 9*s**2 + 2*s + 6. What is z(-9)?
-12
Let j(g) = -g**3 - 3*g**2 - 2*g + 3. Determine j(-3).
9
Let f(y) = y**3 + 5*y**2 + y + 14. Give f(-6).
-28
Let x(l) = 4*l + 5. Calculate x(-6).
-19
Let h(w) = -w**2 + 24*w - 48. Calculate h(22).
-4
Let h(u) = -5*u + 14. Determine h(3).
-1
Let l(a) = -6*a - 7. Give l(3).
-25
Let d(t) = -t**3 + 5*t**2 + 5*t - 9. Give d(6).
-15
Let r(k) = -7*k + 46. What is r(5)?
11
Let g(a) = 14*a + 5. Determine g(-2).
-23
Let x(j) = j**2 - 45*j - 622. Calculate x(56).
-6
Let j(d) = -d**3 + 6*d**2 + 3*d + 5. Determine j(7).
-23
Let q(k) = -k**3 + 5*k**2 + k - 2. Calculate q(4).
18
Let b(z) = -7*z + 9. Give b(14).
-89
Let a(u) = -u**2 - 3*u - 27. Give a(9).
-135
Let a(t) = -t - 25. Determine a(13).
-38
Let c(y) = -y**3 + 6*y**2 - 5*y - 4. Give c(6).
-34
Let h(t) = -6*t + 21. Determine h(-10).
81
Let f(s) = -s - 4. Calculate f(-9).
5
Let a(k) = -3*k - 4. What is a(-6)?
14
Let h(b) = b**3 + 11*b**2 + 28*b + 3. Calculate h(-4).
3
Let d(m) = 4*m + 6. Calculate d(9).
42
Let i(y) = -y**2 - y + 26. Give i(-6).
-4
Let y(h) = -h**2 + 20*h - 36. Calculate y(17).
15
Let u(a) = a**2 - 6*a - 12. Give u(-2).
4
Let s(n) = -18*n - 26. What is s(-1)?
-8
Let c(v) = 118*v + 9. What is c(1)?
127
Let y(t) = -2*t**2 + 22*t - 22. Determine y(10).
-2
Let s(q) = 8*q - 8. What is s(6)?
40
Let i(g) = g**2 + 4. Give i(0).
4
Let l(z) = 8*z - 55. What is l(7)?
1
Let m(a) = 4*a - 3. What is m(-11)?
-47
Let v(j) = j**2 - 5*j - 3. What is v(4)?
-7
Let r(s) = s**3 + 22*s**2 + s + 24. Give r(-22).
2
Let y(n) = n**3 + n**2 + n - 20. Calculate y(0).
-20
Let z(x) = -x**2 - 16*x + 26. Calculate z(-18).
-10
Let i(u) = 19*u - 52. Calculate i(3).
5
Let q(m) = -32*m + 198. What is q(6)?
6
Let g(z) = -4*z - 48. What is g(-15)?
12
Let s(c) = 15*c - 15. Calculate s(-10).
-165
Let j(c) = -3*c + 3. Calculate j(4).
-9
Let y(p) = -19*p + 643. Determine y(34).
-3
Let x(o) = -o**2 + 9*o - 6. What is x(7)?
8
Let u(j) = j**3 - 5*j**2 - 23*j - 15. Give u(8).
-7
Let r(j) = -j**2 - 13*j - 5. Give r(-11).
17
Let d(i) = -9*i**2 + 10*i - 8. Give d(1).
-7
Let r(o) = 8*o - 71. Calculate r(9).
1
Let s(f) = f**2 - 11*f + 24. Give s(9).
6
Let h(t) = 6*t**3 + 2*t**2 - t + 2. Give h(-2).
-36
Let z(t) = -2*t + 66. Calculate z(23).
20
Let d(p) = p**3 - 5*p**2 + 3*p - 3. What is d(6)?
51
Let o(s) = 2*s + 3. Calculate o(4).
11
Let r(a) = a**2 - a - 19. Calculate r(0).
-19
Let j(h) = h**2 - 13*h + 48. Determine j(7).
6
Let a(m) = -34*m + 310. What is a(9)?
4
Let v(k) = 18*k**2 + 2*k + 3. Give v(-2).
71
Let p(w) = w**3 + 8*w**2 - 8. Give p(-7).
41
Let l(m) = -29*m - 1534. Give l(-53).
3
Let z(k) = k**3 + 23*k**2 - 22*k + 31. Give z(-24).
-17
Let u(k) = 6*k**2 - 52*k - 22. Calculate u(9).
-4
Let m(s) = -s**3 + 19*s**2 - 39*s - 41. Give m(17).
-126
Let u(i) = i**3 - 4*i**2 - 10*i + 7. Determine u(6).
19
Let q(i) = -i**2 - 17*i + 71. Calculate q(-20).
11
Let f(c) = 4*c - 39. Calculate f(8).
-7
Let f(b) = -b**3 - 6*b**2 + 2*b + 18. What is f(-6)?
6
Let n(a) = -a**3 - 5*a**2 + a + 2. What is n(-5)?
-3
Let p(d) = -d**3 - 20*d**2 - 19*d - 25. Determine p(-19).
-25
Let t(u) = 5*u - 37. Calculate t(8).
3
Let c(x) = 2*x**3 + 7*x**2 + 6*x + 8. Calculate c(-4).
-32
Let h(g) = 7*g. What is h(-2)?
-14
Let l(g) = 4*g - 83. Determine l(23).
9
Let s(a) = a**3 + 4*a**2 - 12*a + 2. What is s(-6)?
2
Let r(y) = y**2 - 32*y - 224. Calculate r(-6).
4
Let f(m) = -m**2 - 19*m + 3. Determine f(-19).
3
Let g(c) = 2*c**2 - c - 1. Calculate g(-1).
2
Let r(k) = 14*k**3 + 2*k**2 + k - 2. Determine r(1).
15
Let z(v) = 17*v**2 - 2. Give z(-2).
66
Let l(v) = -38*v. Give l(1).
-38
Let g(z) = 4*z + 59. Determine g(-15).
-1
Let n(y) = -3*y**2 - 3*y. What is n(-2)?
-6
Let l(c) = -c**3 + 10*c**2 - 18*c + 14. Calculate l(8).
-2
Let w(r) = -r + 4. Calculate w(-1).
5
Let t(s) = 2*s**3 + 7*s**2 - 9*s - 4. Determine t(-6).
-130
Let p(g) = g**3 - 6*g**2 - 12*g + 76. Give p(6).
4
Let p(b) = b**2 - b - 182. Calculate p(-13).
0
Let i(x) = 7*x + 21. Calculate i(-5).
-14
Let v(n) = 14*n**2 + 7*n. Determine v(0).
0
Let s(x) = -x**2 + 8*x - 9. What is s(9)?
-18
Let h(y) = y**3 + 6*y**2 + 5*y + 5. Determine h(-4).
17
Let y(a) = a**3 + 3*a**2 + 5*a - 21. Calculate y(-6).
-159
Let s(q) = -q**2 + 9*q - 11. Calculate s(8).
-3
Let f(u) = 9*u - 6. Give f(7).
57
Let h(p) = 4*p**3 + 46*p**2 + 23*p + 9. Calculate h(-11).
-2
Let s(b) = b**2 - 4*b - 28. Calculate s(8).
4
Let n(d) = -101*d + 398. What is n(4)?
-6
Let i(y) = -y**2 + 4*y - 2. Calculate i(7).
-23
Let b(q) = -9*q. Determine b(2).
-18
Let d(w) = -2*w + 26. What is d(-34)?
94
Let z(x) = -9*x + 5. Give z(4).
-31
Let r(t) = 2*t**3 - t**2 + 2*t - 1. What is r(2)?
15
Let o(m) = m**3 - 5*m**2 + 2*m + 3. Determine o(4).
-5
Let o(u) = 2*u. Give o(-2).
-4
Let r(c) = -c**3 - 11*c**2 + 10*c - 8. Determine r(-12).
16
Let v(j) = -j**2 + 12*j - 31. What is v(5)?
4
Let c(k) = -2*k + 11. What is c(7)?
-3
Let v(b) = -b**2 + 9*b + 12. Determine v(12).
-24
Let l(w) = w**2 + 6*w + 5. De